it of 59694?
4
What is the hundreds digit of 1196?
1
What is the hundreds digit of 1587?
5
What is the units digit of 415?
5
What is the thousands digit of 10698?
0
What is the units digit of 20442?
2
What is the thousands digit of 95752?
5
What is the hundreds digit of 232?
2
What is the units digit of 58898?
8
What is the tens digit of 680?
8
What is the units digit of 1955?
5
What is the ten thousands digit of 134591?
3
What is the tens digit of 6754?
5
What is the tens digit of 3497?
9
What is the hundreds digit of 23361?
3
What is the thousands digit of 3807?
3
What is the thousands digit of 1021?
1
What is the units digit of 5879?
9
What is the hundreds digit of 44269?
2
What is the hundreds digit of 192?
1
What is the units digit of 2027?
7
What is the thousands digit of 37558?
7
What is the ten thousands digit of 118782?
1
What is the tens digit of 5395?
9
What is the tens digit of 1800?
0
What is the tens digit of 4425?
2
What is the thousands digit of 5493?
5
What is the ten thousands digit of 10666?
1
What is the units digit of 52438?
8
What is the thousands digit of 5669?
5
What is the thousands digit of 3443?
3
What is the ten thousands digit of 80442?
8
What is the units digit of 6237?
7
What is the tens digit of 9586?
8
What is the tens digit of 40801?
0
What is the thousands digit of 1149?
1
What is the ten thousands digit of 16351?
1
What is the hundreds digit of 5762?
7
What is the hundreds digit of 1242?
2
What is the hundreds digit of 18082?
0
What is the units digit of 78948?
8
What is the hundreds digit of 29089?
0
What is the tens digit of 1249?
4
What is the hundreds digit of 2245?
2
What is the hundreds digit of 16214?
2
What is the units digit of 1025?
5
What is the units digit of 779?
9
What is the ten thousands digit of 76313?
7
What is the hundreds digit of 2089?
0
What is the hundreds digit of 1546?
5
What is the thousands digit of 1665?
1
What is the units digit of 6488?
8
What is the hundreds digit of 26996?
9
What is the tens digit of 15690?
9
What is the hundred thousands digit of 183239?
1
What is the hundreds digit of 3868?
8
What is the hundreds digit of 134?
1
What is the units digit of 1191?
1
What is the hundred thousands digit of 111978?
1
What is the units digit of 37680?
0
What is the hundreds digit of 1195?
1
What is the thousands digit of 2776?
2
What is the units digit of 554?
4
What is the hundreds digit of 1281?
2
What is the ten thousands digit of 58601?
5
What is the tens digit of 102523?
2
What is the hundreds digit of 2852?
8
What is the hundreds digit of 10078?
0
What is the hundreds digit of 91053?
0
What is the units digit of 30462?
2
What is the hundreds digit of 901?
9
What is the hundreds digit of 23030?
0
What is the tens digit of 159?
5
What is the ten thousands digit of 32321?
3
What is the units digit of 122585?
5
What is the tens digit of 45427?
2
What is the hundreds digit of 235?
2
What is the thousands digit of 1112?
1
What is the tens digit of 405?
0
What is the tens digit of 9590?
9
What is the tens digit of 2872?
7
What is the ten thousands digit of 29832?
2
What is the hundreds digit of 11982?
9
What is the thousands digit of 31947?
1
What is the units digit of 605?
5
What is the units digit of 5009?
9
What is the units digit of 6145?
5
What is the units digit of 78?
8
What is the units digit of 114?
4
What is the tens digit of 1015?
1
What is the units digit of 42173?
3
What is the hundreds digit of 1568?
5
What is the tens digit of 24021?
2
What is the hundreds digit of 31577?
5
What is the units digit of 13688?
8
What is the units digit of 741?
1
What is the ten thousands digit of 98645?
9
What is the tens digit of 14428?
2
What is the units digit of 1146?
6
What is the units digit of 19409?
9
What is the hundreds digit of 1781?
7
What is the hundreds digit of 3872?
8
What is the units digit of 18931?
1
What is the units digit of 3818?
8
What is the thousands digit of 5262?
5
What is the hundreds digit of 2648?
6
What is the units digit of 3836?
6
What is the tens digit of 1787?
8
What is the hundreds digit of 11044?
0
What is the hundreds digit of 5175?
1
What is the units digit of 24437?
7
What is the units digit of 676?
6
What is the tens digit of 9391?
9
What is the ten thousands digit of 23295?
2
What is the thousands digit of 18076?
8
What is the hundreds digit of 794?
7
What is the units digit of 70705?
5
What is the hundreds digit of 4907?
9
What is the hundreds digit of 2170?
1
What is the thousands digit of 35796?
5
What is the units digit of 22591?
1
What is the units digit of 109110?
0
What is the tens digit of 30?
3
What is the hundreds digit of 34847?
8
What is the thousands digit of 34968?
4
What is the thousands digit of 3552?
3
What is the hundreds digit of 2215?
2
What is the tens digit of 40484?
8
What is the hundreds digit of 744?
7
What is the thousands digit of 9487?
9
What is the units digit of 1765?
5
What is the units digit of 316?
6
What is the ten thousands digit of 39004?
3
What is the tens digit of 4484?
8
What is the hundreds digit of 2619?
6
What is the hundreds digit of 2039?
0
What is the hundreds digit of 358?
3
What is the units digit of 381?
1
What is the units digit of 285?
5
What is the hundreds digit of 1162?
1
What is the tens digit of 455?
5
What is the tens digit of 25575?
7
What is the tens digit of 8922?
2
What is the ten thousands digit of 16589?
1
What is the hundreds digit of 142?
1
What is the tens digit of 594?
9
What is the thousands digit of 51181?
1
What is the tens digit of 285?
8
What is the units digit of 144016?
6
What is the hundred thousands digit of 100410?
1
What is the thousands digit of 1140?
1
What is the thousands digit of 3885?
3
What is the tens digit of 1151?
5
What is the hundreds digit of 5286?
2
What is the tens digit of 13524?
2
What is the ten thousands digit of 10926?
1
What is the units digit of 1764?
4
What is the hundreds digit of 33633?
6
What is the tens digit of 29749?
4
What is the thousands digit of 6575?
6
What is the units digit of 4479?
9
What is the hundreds digit of 146?
1
What is the tens digit of 10512?
1
What is the hundreds digit of 2223?
2
What is the units digit of 5123?
3
What is the tens digit of 2293?
9
What is the hundreds digit of 107360?
3
What is the thousands digit of 19291?
9
What is the hundreds digit of 12643?
6
What is the units digit of 27811?
1
What is the thousands digit of 50437?
0
What is the tens digit of 857?
5
What is the tens digit of 23872?
7
What is the units digit of 168?
8
What is the tens digit of 2842?
4
What is the tens digit of 14271?
7
What is the tens digit of 11896?
9
What is the tens digit of 801?
0
What is the tens digit of 1965?
6
What is the units digit of 6602?
2
What is the tens digit of 2029?
2
What is the units digit of 349?
9
What is the hundreds digit of 7871?
8
What is the ten thousands digit of 44178?
4
What is the units digit of 8386?
6
What is the tens digit of 14004?
0
What is the hundreds digit of 1834?
8
What is the hundreds digit of 2138?
1
What is the thousands digit of 6400?
6
What is the tens digit of 3996?
9
What is the ten thousands digit of 94392?
9
What is the ten thousands digit of 41078?
4
What is the hundreds digit of 22958?
9
What is the thousands digit of 88582?
8
What is the units digit of 1752?
2
What is the hundreds digit of 585?
5
What is the units digit of 1085?
5
What is the tens digit of 2786?
8
What is the tens digit of 1768?
6
What is the units digit of 59?
9
What is the ten thousands digit of 77668?
7
What is the hundreds digit of 3388?
3
What is the tens digit of 574?
7
What is the thousands digit of 21771?
1
What is the tens digit of 83291?
9
What is the tens digit of 5928?
2
What is the hundreds digit of 15732?
7
What is the thousands digit of 18546?
8
What is the tens digit of 27249?
4
What is the units digit of 5169?
9
What is the thousands digit of 6270?
6
What is the tens digit of 84959?
5
What is the hundreds digit of 1025?
0
What is the ten thousands digit of 11157?
1
What is the tens digit of 336?
3
What is the thousands digit of 4625?
4
What is the hundreds digit of 876?
8
What is the units digit of 3674?
4
What is the units digit of 4197?
7
What is the hundreds digit of 6833?
8
What is the hund